{"id":1015,"date":"2016-08-08T13:09:54","date_gmt":"2016-08-08T11:09:54","guid":{"rendered":"http:\/\/ipa-betzdorf.de\/?page_id=1015"},"modified":"2025-10-07T17:39:40","modified_gmt":"2025-10-07T15:39:40","slug":"vorstand","status":"publish","type":"page","link":"https:\/\/ipa-betzdorf.de\/?page_id=1015","title":{"rendered":"Vorstand"},"content":{"rendered":"<div class=\"wp-block-image\">\n<figure class=\"aligncenter size-full\"><img loading=\"lazy\" decoding=\"async\" width=\"187\" height=\"144\" src=\"https:\/\/ipa-betzdorf.de\/wp-content\/uploads\/2016\/08\/WalterHessGruender-Klein.jpg\" alt=\"\" class=\"wp-image-1019\"\/><figcaption class=\"wp-element-caption\">Der Gr\u00fcnder unserer Verbindungsstelle, Walter He\u00df<\/figcaption><\/figure>\n<\/div>\n\n\n<figure class=\"wp-block-image size-large\"><img loading=\"lazy\" decoding=\"async\" width=\"1024\" height=\"576\" src=\"https:\/\/ipa-betzdorf.de\/wp-content\/uploads\/2025\/03\/IMG_6131-1024x576.jpg\" alt=\"\" class=\"wp-image-2968\" srcset=\"https:\/\/ipa-betzdorf.de\/wp-content\/uploads\/2025\/03\/IMG_6131-1024x576.jpg 1024w, https:\/\/ipa-betzdorf.de\/wp-content\/uploads\/2025\/03\/IMG_6131-300x169.jpg 300w, https:\/\/ipa-betzdorf.de\/wp-content\/uploads\/2025\/03\/IMG_6131-768x432.jpg 768w, https:\/\/ipa-betzdorf.de\/wp-content\/uploads\/2025\/03\/IMG_6131-1536x864.jpg 1536w, https:\/\/ipa-betzdorf.de\/wp-content\/uploads\/2025\/03\/IMG_6131-2048x1152.jpg 2048w, https:\/\/ipa-betzdorf.de\/wp-content\/uploads\/2025\/03\/IMG_6131-1200x675.jpg 1200w\" sizes=\"auto, (max-width: 709px) 85vw, (max-width: 909px) 67vw, (max-width: 1362px) 62vw, 840px\" \/><figcaption class=\"wp-element-caption\">Der gesch\u00e4ftsf\u00fchrende Vorstand (v. l. n. r.): Verbindungsstellenleiter Marcus Franke, Sekret\u00e4r Andreas Sturm, Kassierer Matthias Weinbrenner, Sekret\u00e4r Beppo Dunsche<\/figcaption><\/figure>\n\n\n\n<figure class=\"wp-block-table\"><table class=\"has-fixed-layout\"><tbody><tr><td>Verbindungsstellenleiter<\/td><td>Marcus Franke<\/td><td>\u260e\ufe0f 02741 9260<\/td><\/tr><tr><td>Sekret\u00e4re<\/td><td>Andreas Sturm<\/td><td>\ud83d\udce7 <a href=\"mailto:andreas.hempe@ipa-betzdorf.de\">E-<\/a><a href=\"mailto:andreas.sturm@ipa-betzdorf.de\">Mail<\/a><\/td><\/tr><tr><td><\/td><td>Beppo Dunsche<\/td><td><\/td><\/tr><tr><td>Schatzmeister<\/td><td>Matthias Weinbrenner<\/td><td><\/td><\/tr><tr><td><\/td><td>J\u00f6rg Schlosser<\/td><td><\/td><\/tr><tr><td>Beisitzer<\/td><td>Heike Bauseler<br>(KI Betzdorf)<\/td><td><\/td><\/tr><tr><td><\/td><td>Sandra Langenbach<br>(PI Betzdorf)<\/td><td><\/td><\/tr><tr><td><\/td><td>Tanja Gr\u00f6linger<\/td><td><\/td><\/tr><tr><td><\/td><td>Frank Stumpf<\/td><td><\/td><\/tr><tr><td><\/td><td>Klaus Nauroth<br>(Bund)<\/td><td><\/td><\/tr><tr><td><\/td><td>Gerd Mudersbach<br>(Bund)<\/td><td><\/td><\/tr><tr><td><\/td><td>n. b.<br>(PW Wissen)<\/td><td><\/td><\/tr><tr><td><\/td><td>Andreas Hempe<\/td><td><\/td><\/tr><tr><td><\/td><td>Joachim Taxacher<br>(Senioren)<\/td><td><\/td><\/tr><tr><td><\/td><td>Klaus Brag<br>(Senioren)<\/td><td><\/td><\/tr><tr><td>Mitgliederverwaltung<br>IT \/ Internet<\/td><td>Jan Hansonis<\/td><td><a href=\"mailto:webmaster@ipa-betzdorf.de\">E-Mail<\/a><\/td><\/tr><\/tbody><\/table><\/figure>\n","protected":false},"excerpt":{"rendered":"<p>Verbindungsstellenleiter Marcus Franke \u260e\ufe0f 02741 9260 Sekret\u00e4re Andreas Sturm \ud83d\udce7 E-Mail Beppo Dunsche Schatzmeister Matthias Weinbrenner J\u00f6rg Schlosser Beisitzer Heike Bauseler(KI Betzdorf) Sandra Langenbach(PI Betzdorf) Tanja Gr\u00f6linger Frank Stumpf Klaus Nauroth(Bund) Gerd Mudersbach(Bund) n. b.(PW Wissen) Andreas Hempe Joachim Taxacher(Senioren) Klaus Brag(Senioren) MitgliederverwaltungIT \/ Internet Jan Hansonis E-Mail<\/p>\n","protected":false},"author":1,"featured_media":0,"parent":0,"menu_order":0,"comment_status":"closed","ping_status":"closed","template":"","meta":{"footnotes":""},"class_list":["post-1015","page","type-page","status-publish","hentry"],"_links":{"self":[{"href":"https:\/\/ipa-betzdorf.de\/index.php?rest_route=\/wp\/v2\/pages\/1015","targetHints":{"allow":["GET"]}}],"collection":[{"href":"https:\/\/ipa-betzdorf.de\/index.php?rest_route=\/wp\/v2\/pages"}],"about":[{"href":"https:\/\/ipa-betzdorf.de\/index.php?rest_route=\/wp\/v2\/types\/page"}],"author":[{"embeddable":true,"href":"https:\/\/ipa-betzdorf.de\/index.php?rest_route=\/wp\/v2\/users\/1"}],"replies":[{"embeddable":true,"href":"https:\/\/ipa-betzdorf.de\/index.php?rest_route=%2Fwp%2Fv2%2Fcomments&post=1015"}],"version-history":[{"count":42,"href":"https:\/\/ipa-betzdorf.de\/index.php?rest_route=\/wp\/v2\/pages\/1015\/revisions"}],"predecessor-version":[{"id":3000,"href":"https:\/\/ipa-betzdorf.de\/index.php?rest_route=\/wp\/v2\/pages\/1015\/revisions\/3000"}],"wp:attachment":[{"href":"https:\/\/ipa-betzdorf.de\/index.php?rest_route=%2Fwp%2Fv2%2Fmedia&parent=1015"}],"curies":[{"name":"wp","href":"https:\/\/api.w.org\/{rel}","templated":true}]}}